+ 75, -m*y = o - 34. Suppose 1080 = -0*r + 5*r. What is the greatest common factor of r and o?
24
Let c = -53 + 49. Let w be 59 + 14 + 1 + c. Calculate the greatest common factor of w and 21.
7
Let y = 16466 - 16367. Calculate the greatest common divisor of 29007 and y.
99
Suppose -18*k + 7*k = 2*k - 4628. What is the greatest common factor of 28 and k?
4
Let k = 17 - 10. Let l be (k/3)/((-3)/(-63)). Let m = -1062 - -1069. Calculate the highest common divisor of m and l.
7
Let b be 42/8 - 27/108. Let f be 17 - (7 + -8 + b). Suppose -5*q + 3*t = -q - 581, -q + 131 = 4*t. Calculate the highest common divisor of f and q.
13
Let d = 387 + -779. Let y = -269 - d. What is the highest common divisor of y and 41?
41
Suppose -32*d + 45*d = 0. Suppose d = -3*b + 238 + 308. What is the highest common factor of 14 and b?
14
Suppose -n - 38346 = -3*p, 3*p - 3*n - 30436 = 7922. What is the greatest common divisor of 6 and p?
6
Let n be ((-8)/(-32))/(11/176). Calculate the highest common factor of n and 170.
2
Suppose -4*c - 1160 = -5*v - 6*c, 1160 = 5*v - 3*c. Let s = v - 230. Calculate the greatest common factor of 16 and s.
2
Suppose 3*h = -2*l - 50 + 1000, 5*l - 2375 = 4*h. What is the greatest common factor of 95 and l?
95
Let u(h) = h**2 + 14*h + 7. Let t be u(5). Suppose z = -t + 123. What is the greatest common factor of z and 77?
7
Suppose 5*v = h + 5, h = 5*h - 2*v + 2. Let y(p) = p**2 - 2*p + 30. Let g be y(h). What is the highest common divisor of 15 and g?
15
Suppose 4*r - s = 14 - 4, 2*s = 4*r - 8. Suppose -r*f = -5*y - 64, -4*y - 92 = -4*f + y. What is the highest common factor of 140 and f?
28
Suppose 4*o = -13*o + 68. Suppose -233 = -o*k + 3*i, 0 = -9*k + 4*k - 2*i + 320. Let a = k - 41. Calculate the greatest common divisor of 35 and a.
7
Let q be -54*(-472)/(-413)*1*-7. Calculate the highest common divisor of 336 and q.
48
Let w(m) = -m - 6. Let r be w(6). Let o be (-4 - 1)/(10/r). Suppose -b + o + 48 = 0. Calculate the highest common factor of b and 18.
18
Suppose 0 = -28*r + 71*r - 516. Suppose -u + 31 = z, 17*z - 128 = r*z + 4*u. Calculate the highest common factor of 63 and z.
7
Let o = 16 - 3. Let x = 782 - 774. Suppose x*k - 1385 = -241. Calculate the highest common factor of k and o.
13
Let p(w) = -8*w - 2. Let y(x) = x**2 - 7*x - 2. Let r be y(7). Let o be p(r). Let z be 3/(-4) - 26609/(-236). What is the greatest common divisor of o and z?
14
Let r = -83 - -148. Suppose 0 = 4*g - 12 - 28. Let t = r - g. Calculate the highest common factor of 11 and t.
11
Let r(t) = -15 - 8 + t**3 - 5*t + 13 - 15*t**2 + 2*t**2. Let y be ((-6)/10 + 1)*35. Let b be r(y). What is the highest common factor of b and 29?
29
Let s be 1374/18 + 7 + (-2)/(-3). Let f = 120 - s. Let v(a) = 3*a**3 - a**2 + a + 2. Let u be v(2). Calculate the greatest common divisor of f and u.
12
Let d(u) = u**3 + 91*u**2 - 197*u + 1550. Let s be d(-93). What is the greatest common divisor of 332 and s?
83
Let q = 5 - 5. Suppose q*g = -6*g + 348. Suppose g - 4 = 6*y. What is the highest common divisor of y and 6?
3
Suppose 3*r + 81 = 4*x + 37, 0 = -3*r - 12. Suppose g = -n + 24 + 12, -2*g = x. Calculate the greatest common divisor of n and 50.
10
Let o = -43 + 113. Let m(c) = -6*c. Let p(t) = t - 1. Let n(a) = m(a) - 4*p(a). Let d be n(-1). What is the greatest common divisor of o and d?
14
Let g be (6/(-7))/((33/(-308))/(34619/26)). Calculate the greatest common divisor of 4 and g.
4
Let w be (-96)/128 + 114/(-8). Let p(h) = h**3 + 14*h**2 - 19*h - 40. Let y be p(w). Calculate the greatest common factor of y and 340.
20
Let s = 90 + -86. Suppose s*f = 18 + 38. Suppose 3*a = f*a - 528. Calculate the highest common divisor of a and 6.
6
Let x = -7583 - -7766. Calculate the greatest common factor of 427 and x.
61
Let q be (-6)/21 - 12/(-42). Suppose 2*p + 4 = 4*g, q*g - 4*g = -p - 4. Let u be -3 - -31 - (p - 0). What is the highest common factor of u and 7?
7
Let q(s) = 2*s + 28. Let t be q(-10). Let n(v) = -5*v + 48. Let o be n(t). Let r = 37 - 33. What is the greatest common factor of r and o?
4
Suppose 83*x - 85*x - 6 = 0, 5*n + 2*x = 1324. Calculate the greatest common factor of n and 448.
14
Let o(b) = 56*b**3 + 6*b**2 - 12*b + 17. Let p be o(3). Let k(i) = -12*i - 257. Let w be k(-29). What is the highest common factor of p and w?
91
Let r(n) be the third derivative of n**5/20 + n**4 + 7*n**3 - 66*n**2 + 1. Let d be r(-6). Calculate the greatest common factor of d and 9.
3
Suppose -6*k = -8*k + 6. Suppose k*u = o + 92, o - 5*u = 2*o + 84. Let n = 91 + o. Calculate the greatest common factor of 10 and n.
2
Let o be 44612/34 - 320/2720. Calculate the greatest common factor of o and 82.
82
Let z(m) = -34*m**3 - 7*m**2 - m - 2. Let l be z(-3). Suppose 0 = -9*w - 136 + l. Suppose r = -0*r + w. Calculate the highest common divisor of r and 10.
10
Let f(z) = -z - 1. Let i(o) = -7*o - 27. Let n(b) = -2*f(b) - i(b). Let c be n(-12). Let j = c - -80. Calculate the highest common divisor of 8 and j.
1
Suppose -t = -5*a + 4*a + 1358, -5*t - 5428 = -4*a. Let z be a/4 - 104/(-208). Calculate the highest common factor of z and 33.
11
Suppose 6932 = 4*m - 5*d + d, -2*m - d = -3451. Let s(y) = -2*y**2 + 54*y + 2324. Let k be s(50). Calculate the greatest common divisor of k and m.
24
Let f(h) = 2*h**3 - 9*h**2 + 19*h - 21. Let z be f(5). What is the greatest common factor of z and 539?
11
Let d(i) = 300*i - 1142. Let c be d(4). Calculate the highest common factor of 725 and c.
29
Let f(a) = -a**3 + 76*a**2 - 685*a + 150. Let u be f(65). What is the greatest common divisor of 756 and u?
84
Let l be (4 - 8)*(-2 - -4). Let p be (140/(-15)*-3)/((-4)/l). What is the highest common divisor of p and 14?
14
Suppose -43*h + 4358 = 1090. Calculate the greatest common factor of h and 56.
4
Suppose c + 5*h = 44, 245*c + 2*h - 80 = 243*c. Calculate the greatest common factor of c and 14937.
39
Suppose 3*k = 9, 3*s + 3*k - 20 = 19. Let o = 19 - -34. Let x = o - 18. What is the highest common factor of x and s?
5
Let k = 39 + -9. Let a be -7*31/(-3)*-3. Let t = 547 + a. Calculate the highest common divisor of k and t.
30
Suppose -5*a - 4*g - 27 = 0, 2*g - 4 = 3*a + 21. Let x be (24/a)/((-6)/63). What is the greatest common divisor of x and 450?
18
Let u be (145/3)/(20*11/660). Calculate the greatest common divisor of u and 4495.
145
Suppose 3*t - 45 = -90. Let b be (3 + -4 - -2)/((-3)/t). What is the greatest common divisor of 6 and b?
1
Let h = -3 - -28. Suppose -112*a - 315*a - 7478 = -124903. What is the highest common divisor of h and a?
25
Let p(s) = -157*s + 78*s + 77*s + 11. Let f be p(5). What is the highest common factor of f and 7?
1
Let c be (6741/42 - (-5 - -2))/((-9)/(-156)). What is the greatest common divisor of c and 52?
26
Let o = 320 - 341. Let d be o/(0 - 7) - 26*-1. What is the highest common divisor of 319 and d?
29
Let i be -14 + 68548 - (-17 - (-6 + 2)). Calculate the highest common divisor of 219 and i.
219
Let x(c) = -4*c**3 + 2*c**2 + 6*c - 3. Let f be x(-3). Suppose u + 79 = 4*v - 0*v, -5*u + f = 5*v. Calculate the greatest common divisor of 160 and v.
20
Let n(y) = -19*y - 54. Let m be n(-6). Suppose -5*l + 0*l = -m. Calculate the greatest common divisor of 44 and l.
4
Let g be ((-10)/(-4))/((-8)/208). Let x = -62 - g. Calculate the greatest common divisor of x and 48.
3
Suppose 20*n - 981 = -261. Suppose -n*h + 28*h + 376 = 0. What is the greatest common factor of 376 and h?
47
Suppose 4*u - 356 = -4*f, -4*u - 745 = -5*f - 282. Let s = 167 - 142. Suppose 0 = s*w + 3*w - 364. Calculate the greatest common divisor of w and f.
13
Suppose 0 = -4*u + 15 + 1. Let a(p) = -p + 2*p + 4*p**2 - u - 10 - 3*p**2. Let z be a(-6). Calculate the highest common divisor of 48 and z.
16
Suppose 3*s + 3*a = 142 - 49, 5*s - 5*a = 225. What is the highest common divisor of 9424 and s?
38
Let k be 828*-3*3/(-12). What is the greatest common factor of 23 and k?
23
Suppose k = 5*u - 1371, 3*k = -4*u + 538 + 574. Calculate the highest common factor of 325 and u.
25
Suppose -l - 4*o = -96, 4*l + 6*o - o = 417. Let j be ((-2670)/(-4))/3*(-42)/(-35). Let k = j + -195. What is the highest common divisor of l and k?
36
Let d(h) = -7*h + 5. Suppose a - 10 = 3*a. Let w be d(a). Let b(c) = 5*c**2 - c - 1